f u?
2, 43, 59
Let o(p) = 3*p**2 + 18*p + 4. Let d be ((-8)/10)/(23/(-230)). Let c be o(d). Suppose -j - c = -3*j. List the prime factors of j.
2, 5, 17
Let g(s) = -27*s + 4. Let u be g(-1). Suppose -u = 2*l - 325. What are the prime factors of -2*(l/(-6) + -4)?
3, 19
Let o = 1085 + -1942. What are the prime factors of (-8)/16*0 - o?
857
Suppose -7*f - 4*g + 404993 = 0, -2*f + 6*g = 10*g - 115698. What are the prime factors of f?
57859
Suppose 4592 = 4*t - 4*b, t = -2*t - 3*b + 3462. Suppose -5*h - t = -7*h - 5*x, 0 = 4*x - 12. List the prime factors of h.
2, 71
Let u(p) = -p**2 + 20*p + 22. Let b be u(18). Let z = b - 59. What are the prime factors of (-5 + z)*(2 + 124/(-12))?
2, 5
Let u(q) = q**3 + 58*q**2 - 59*q + 399. What are the prime factors of u(-57)?
3, 19, 41
Let c(b) be the second derivative of -7*b**5/10 - b**4/12 - b**3/3 - b**2/2 - b. Suppose 0*i + 25 = -17*i + 8. What are the prime factors of c(i)?
2, 7
Suppose 4*g - 23*a = -20*a, a = 0. List the prime factors of 1185 - 2/((-1)/(-2) + g).
1181
Let a(p) = -238*p - 22. Let c be a(8). What are the prime factors of (-4)/(-5) + (c/(-30) - 0)?
5, 13
Let y(n) = 26*n**2 - 399*n + 15. What are the prime factors of y(27)?
2, 3, 683
Let o(g) = 5030*g**2 - 5*g - 3. List the prime factors of o(-1).
2, 17, 37
Let r(p) = 99*p**2 - 304*p + 2882. What are the prime factors of r(10)?
2, 4871
Let n(m) be the first derivative of 13*m**2/2 - 21*m - 1. Suppose -608 = -8*k - 544. List the prime factors of n(k).
83
Suppose -4*y = -2*u - 344, 3*u - 3*y + 408 + 93 = 0. Let s be (u/(-5))/(10/25). Let m = s - 8. What are the prime factors of m?
73
Let y(t) = 2 + 568*t - 276*t - 428*t. Let g = 0 - 1. List the prime factors of y(g).
2, 3, 23
Let t(p) = -2*p**3 + p**2 + 2*p + 538. Suppose 2*n + 2*h = 5*n + 2, 0 = -3*n - 3*h + 3. What are the prime factors of t(n)?
2, 269
Let o be 2/1 + 4 + -632 + -6. Let l = o + 923. Suppose 2*c - l - 3 = 0. What are the prime factors of c?
3, 7
List the prime factors of 0 + 2 + (63/(-42) - 71866/(-4)).
3, 53, 113
Suppose -16007 = -3*h + 11467. Suppose -202 - h = -12*g. List the prime factors of g.
2, 3, 5, 13
Let s(z) = 2*z + 34. Let k be s(-13). Let m be k/36 - 2*(-3)/(-27). List the prime factors of (-19)/((-78)/(-20) - (4 + m)).
2, 5, 19
Let k be (1 - (-2)/((-8)/(-252))) + -2. Let n = k + -64. List the prime factors of 426/9*(-3)/n.
71
Let p(c) = -3*c**3 - 7*c**2 + 8*c + 5. Let q be p(-6). Let j = 5 + q. Suppose -5*b + j = 2*f, b + 3*b - 2*f = 290. What are the prime factors of b?
2, 3
Suppose 2*b = -3*b - 5. What are the prime factors of (-406)/b + -4 - 2?
2, 5
Let y = 2727 + -1593. Suppose 30 - y = -12*n. List the prime factors of n.
2, 23
Let g be (-2 - (-6)/2) + 3. Suppose 0 = 2*w + 4*m + m - 20, -4*w - g*m + 52 = 0. What are the prime factors of 339/w - (0 + (-8)/20)?
23
Let a(z) = -z**3 + 7*z**2 - 2*z - 17. Let t be a(5). Let x = -118 - t. Let d = x - -238. What are the prime factors of d?
97
Let b(t) = 30*t**2 - 16*t + 2. Let g be b(2). List the prime factors of g + ((-33)/(-18) - 3/(-18)).
2, 23
Let g = 1683 - -131. Suppose -5*s - 2*u + g + 1030 = 0, -12 = 4*u. List the prime factors of s.
2, 3, 5, 19
Suppose -10*t - 21 + 61 = 0. Suppose 18*c - n - 7041 = 13*c, t*c - 2*n = 5628. What are the prime factors of c?
1409
Suppose 0 = 15*s - 5721 + 396. Let j = s + -78. List the prime factors of j.
277
Suppose 9*d = -27*d + 65*d - 2019183. What are the prime factors of d?
3, 23209
Let r = 12200 - 7409. List the prime factors of r.
3, 1597
Let r(a) be the second derivative of a**4/4 + 2*a**3 + 13*a**2/2 - 2*a + 11. List the prime factors of r(-9).
2, 37
Let m = -39 + 52. Suppose 2*o + 3*x + m = -18, 5*x + 57 = -4*o. What are the prime factors of (-117 + 3)*o/12?
2, 19
Let d(o) = o**3 + 7*o**2 + 11*o - 2. Let b be d(-4). Suppose 3*z - n + 3*n = 538, b*z - 342 = 2*n. What are the prime factors of z?
2, 11
Let d = 5837 - -1881. List the prime factors of d.
2, 17, 227
Let h = 14 + -17. Let v(w) = -19*w**2 + w. Let g be v(h). List the prime factors of g/(-12) - 3/(-6).
3, 5
Let u(n) = -3*n**2 - 41*n + 3. Let b be u(-29). Let o = b + 1925. List the prime factors of o.
2, 3, 11
Let y = 9 - 7. What are the prime factors of (11/(-2)*y)/(2/(-2))?
11
Let u(k) = 3253*k + 8115. List the prime factors of u(17).
2, 7927
Let o(c) = 2*c**2 - 69*c + 129. Suppose 0 = 7*f - 129 - 186. List the prime factors of o(f).
2, 3, 179
Suppose b - 2155 = 3*t, -5*t = -3*b - 2*t + 6459. What are the prime factors of (-106)/159 - b/(-6)?
2, 179
Let c(m) be the third derivative of -m**5/120 + 7*m**4/8 + 2*m**3/3 - 5*m**2. Let s(t) be the first derivative of c(t). List the prime factors of s(9).
2, 3
Let l = 1102 + -1905. Let a = l + 1558. List the prime factors of a.
5, 151
Let i = -55 + 95. Let z = i + -20. Suppose -56 = -2*q + 3*s, 3*s - z = -2*s. What are the prime factors of q?
2, 17
Let i(r) = 1490*r - 2052. What are the prime factors of i(16)?
2, 13, 419
Let w = 6577 - -4323. List the prime factors of w.
2, 5, 109
Suppose -m - 160 = -166. Suppose -15*i = -m*i - 2178. List the prime factors of i.
2, 11
List the prime factors of (-29 - (-2)/(-2))*(-15 + 7308/(-72)).
3, 5, 233
Let v(m) = 6212*m**3 - 2*m**2 + 3*m. List the prime factors of v(1).
3, 19, 109
Let c = 535 + -428. Suppose -c*b + 7144 = -99*b. What are the prime factors of b?
19, 47
List the prime factors of (-24)/(-16) + 1 - 4482/(-4).
1123
Suppose -2*u - 5*i + 7 + 13 = 0, 13 = 3*u - i. Suppose 0 = -u*h, 5*h = -p + 399 + 91. Suppose 0*l + p = 5*l. What are the prime factors of l?
2, 7
Let i be ((-5)/(-3))/(20/24). Suppose 3*p - 1319 = -5*t + 672, i*p + 1981 = 5*t. List the prime factors of t.
397
Let y(w) = -6*w**2 + 4*w - 7. Let h = -2 - -9. Let n(u) = 12*u**2 - 8*u + 13. Let t(r) = h*y(r) + 4*n(r). List the prime factors of t(-3).
3, 23
Let t(f) = 1639*f - 187. List the prime factors of t(4).
3, 11, 193
Let z(n) = -17*n**2 + 3*n + 23. Let g(b) = 9*b**2 - b - 12. Let h be -15 + 6 + -2 + 0. Let l(v) = h*g(v) - 6*z(v). What are the prime factors of l(6)?
2, 3, 5
Let a = -219 + 225. What are the prime factors of 8999/6 + 11 - (-1)/a?
1511
Suppose -113*f + 101*f = 0. Suppose f = -4*a - 2*y + 1677 + 1979, 5*y = -2*a + 1836. What are the prime factors of a?
11, 83
Suppose -3*a = -4*m - 350, 8*m - 6*m + 234 = 2*a. Suppose -5*j + a + 2 = 0. Suppose f = -0*f + 3*q - 13, -2*f + j = 4*q. What are the prime factors of f?
2
Suppose 248 = 2*o - 2*m, 4*o - 8*o - 3*m = -517. Suppose -5*r + 1843 = -o. List the prime factors of r.
2, 197
Let z be 342/10 + (0 - (-12)/15). Let p be (-3*z)/(5 - (-16)/(-4)). What are the prime factors of p/42*(-206)/5?
103
Let p(w) = -w**2 - 14*w + 4. Let b be (2*-3 + -2)*1. Let f be p(b). Let h = f + -43. List the prime factors of h.
3
List the prime factors of (-29 + 96/12)/((-2)/186).
3, 7, 31
Suppose -2*t = 2*t - 2*k - 94, 5*t - 4*k - 125 = 0. Suppose 2*u + 5*w = 91, -w + 116 = 4*u - t. What are the prime factors of u?
3, 11
Suppose -5*m - 8 - 27 = 0, 4*m + 976 = 4*h. What are the prime factors of h?
3, 79
What are the prime factors of (-144698)/(-6) - (1 - 42/63)?
2, 6029
Let v be (-2)/((10/21)/(-5)). Suppose -14*u + v = -7*u. Suppose -2*z + 5*s = -214, -4*z + 371 + 31 = u*s. What are the prime factors of z?
2, 3, 17
Suppose 2009 = -0*x + 5*x - 4*q, -q + 1202 = 3*x. Let b = 176 + x. List the prime factors of b.
577
Suppose 2*z = -2*u + 12, -11*u + 16*u = -4*z + 28. What are the prime factors of z/5*51880/16?
1297
Suppose -k = -5*f + 1470, -4*f - 2*k + 487 = -703. What are the prime factors of f?
5, 59
Suppose -6*u = -62472 - 129972. What are the prime factors of u?
2, 7, 29, 79
Let o be 4*(3 - (-6 + 8)). Suppose 0 = -p + x + 471 + 128, -3*x - 2395 = -o*p. What are the prime factors of p?
2, 13, 23
Let i = 274 + -458. Let j = 102 + i. Let y = j + 126. List the prime factors of y.
2, 11
Suppose -143*x + 101010 = -133*x. List the prime factors of x.
3, 7, 13, 37
Let m(z) = -z**3 + 8*z**2 - 9*z + 14. Let b be m(7). Suppose b*l - 880 = -2*l. Suppose -4*p = -5*i - l, -3*i + 5*i - 307 = -3*p. List the prime factors of p.
3, 5, 7
Suppose 0 = -2*s - 4, y - 2*s = s + 528. Let i = y - 311. List the prime factors of i.
211
Suppose -38*m = -43*m - l - 103, 5*m + 91 = 3*l. List the prime factors of ((-10)/(-6))/(m/(-24)) + 119.
11
S